[INFO] cloning repository https://github.com/PizzaCrust/sslbypass
[INFO] running `Command { std: "git" "-c" "credential.helper=" "-c" "credential.helper=/workspace/cargo-home/bin/git-credential-null" "clone" "--bare" "https://github.com/PizzaCrust/sslbypass" "/workspace/cache/git-repos/https%3A%2F%2Fgithub.com%2FPizzaCrust%2Fsslbypass", kill_on_drop: false }`
[INFO] [stderr] Cloning into bare repository '/workspace/cache/git-repos/https%3A%2F%2Fgithub.com%2FPizzaCrust%2Fsslbypass'...
[INFO] running `Command { std: "git" "rev-parse" "HEAD", kill_on_drop: false }`
[INFO] [stdout] 41448a677724e5f2e705e217349d677e3cce4df0
[INFO] checking PizzaCrust/sslbypass against master#cfbc6d4cf1acbac5c025acf8ed68929caa551df3 for pr-75494-beta
[INFO] running `Command { std: "git" "clone" "/workspace/cache/git-repos/https%3A%2F%2Fgithub.com%2FPizzaCrust%2Fsslbypass" "/workspace/builds/worker-7/source", kill_on_drop: false }`
[INFO] [stderr] Cloning into '/workspace/builds/worker-7/source'...
[INFO] [stderr] done.
[INFO] validating manifest of git repo https://github.com/PizzaCrust/sslbypass on toolchain cfbc6d4cf1acbac5c025acf8ed68929caa551df3
[INFO] running `Command { std: "/workspace/cargo-home/bin/cargo" "+cfbc6d4cf1acbac5c025acf8ed68929caa551df3" "read-manifest" "--manifest-path" "Cargo.toml", kill_on_drop: false }`
[INFO] started tweaking git repo https://github.com/PizzaCrust/sslbypass
[INFO] finished tweaking git repo https://github.com/PizzaCrust/sslbypass
[INFO] tweaked toml for git repo https://github.com/PizzaCrust/sslbypass written to /workspace/builds/worker-7/source/Cargo.toml
[INFO] crate git repo https://github.com/PizzaCrust/sslbypass already has a lockfile, it will not be regenerated
[INFO] running `Command { std: "/workspace/cargo-home/bin/cargo" "+cfbc6d4cf1acbac5c025acf8ed68929caa551df3" "fetch" "--locked" "--manifest-path" "Cargo.toml", kill_on_drop: false }`
[INFO] [stderr]     Blocking waiting for file lock on package cache
[INFO] [stderr]  Downloading crates ...
[INFO] [stderr]   Downloaded tracing v0.1.18
[INFO] [stderr]   Downloaded tracing-core v0.1.13
[INFO] running `Command { std: "docker" "create" "-v" "/var/lib/crater-agent-workspace/builds/worker-7/target:/opt/rustwide/target:rw,Z" "-v" "/var/lib/crater-agent-workspace/builds/worker-7/source:/opt/rustwide/workdir:ro,Z" "-v" "/var/lib/crater-agent-workspace/cargo-home:/opt/rustwide/cargo-home:ro,Z" "-v" "/var/lib/crater-agent-workspace/rustup-home:/opt/rustwide/rustup-home:ro,Z" "-e" "SOURCE_DIR=/opt/rustwide/workdir" "-e" "CARGO_TARGET_DIR=/opt/rustwide/target" "-e" "CARGO_HOME=/opt/rustwide/cargo-home" "-e" "RUSTUP_HOME=/opt/rustwide/rustup-home" "-w" "/opt/rustwide/workdir" "-m" "1610612736" "--user" "0:0" "--network" "none" "rustops/crates-build-env@sha256:a636fd89d022f18117e1dc8fb37a0a009933cdbbe082814857f0e2024962d47c" "/opt/rustwide/cargo-home/bin/cargo" "+cfbc6d4cf1acbac5c025acf8ed68929caa551df3" "metadata" "--no-deps" "--format-version=1", kill_on_drop: false }`
[INFO] [stdout] 7043037a3464ff211c097178d4edb5548762401f49f1676e1e021da0059bc179
[INFO] [stderr] WARNING: Your kernel does not support swap limit capabilities or the cgroup is not mounted. Memory limited without swap.
[INFO] running `Command { std: "docker" "start" "-a" "7043037a3464ff211c097178d4edb5548762401f49f1676e1e021da0059bc179", kill_on_drop: false }`
[INFO] running `Command { std: "docker" "inspect" "7043037a3464ff211c097178d4edb5548762401f49f1676e1e021da0059bc179", kill_on_drop: false }`
[INFO] running `Command { std: "docker" "rm" "-f" "7043037a3464ff211c097178d4edb5548762401f49f1676e1e021da0059bc179", kill_on_drop: false }`
[INFO] [stdout] 7043037a3464ff211c097178d4edb5548762401f49f1676e1e021da0059bc179
[INFO] running `Command { std: "docker" "create" "-v" "/var/lib/crater-agent-workspace/builds/worker-7/target:/opt/rustwide/target:rw,Z" "-v" "/var/lib/crater-agent-workspace/builds/worker-7/source:/opt/rustwide/workdir:ro,Z" "-v" "/var/lib/crater-agent-workspace/cargo-home:/opt/rustwide/cargo-home:ro,Z" "-v" "/var/lib/crater-agent-workspace/rustup-home:/opt/rustwide/rustup-home:ro,Z" "-e" "SOURCE_DIR=/opt/rustwide/workdir" "-e" "CARGO_TARGET_DIR=/opt/rustwide/target" "-e" "CARGO_INCREMENTAL=0" "-e" "RUST_BACKTRACE=full" "-e" "RUSTFLAGS=--cap-lints=forbid" "-e" "CARGO_HOME=/opt/rustwide/cargo-home" "-e" "RUSTUP_HOME=/opt/rustwide/rustup-home" "-w" "/opt/rustwide/workdir" "-m" "1610612736" "--user" "0:0" "--network" "none" "rustops/crates-build-env@sha256:a636fd89d022f18117e1dc8fb37a0a009933cdbbe082814857f0e2024962d47c" "/opt/rustwide/cargo-home/bin/cargo" "+cfbc6d4cf1acbac5c025acf8ed68929caa551df3" "check" "--frozen" "--all" "--all-targets" "--message-format=json", kill_on_drop: false }`
[INFO] [stderr] WARNING: Your kernel does not support swap limit capabilities or the cgroup is not mounted. Memory limited without swap.
[INFO] [stdout] 12f31a978cba225845402e9e4a6da511321fe3e3bcf15de9793636bbb1537ba0
[INFO] running `Command { std: "docker" "start" "-a" "12f31a978cba225845402e9e4a6da511321fe3e3bcf15de9793636bbb1537ba0", kill_on_drop: false }`
[INFO] [stderr]    Compiling autocfg v1.0.0
[INFO] [stderr]    Compiling log v0.4.11
[INFO] [stderr]    Compiling memchr v2.3.3
[INFO] [stderr]    Compiling cc v1.0.58
[INFO] [stderr]    Compiling pkg-config v0.3.18
[INFO] [stderr]     Checking foreign-types-shared v0.1.1
[INFO] [stderr]    Compiling openssl v0.10.30
[INFO] [stderr]    Compiling serde_derive v1.0.114
[INFO] [stderr]     Checking tinyvec v0.3.3
[INFO] [stderr]    Compiling serde v1.0.114
[INFO] [stderr]    Compiling native-tls v0.2.4
[INFO] [stderr]    Compiling httparse v1.3.4
[INFO] [stderr]     Checking matches v0.1.8
[INFO] [stderr]     Checking openssl-probe v0.1.2
[INFO] [stderr]     Checking try-lock v0.2.3
[INFO] [stderr]    Compiling encoding_rs v0.8.23
[INFO] [stderr]     Checking tower-service v0.3.0
[INFO] [stderr]     Checking gimli v0.22.0
[INFO] [stderr]     Checking adler v0.2.3
[INFO] [stderr]    Compiling winapi v0.3.9
[INFO] [stderr]     Checking object v0.20.0
[INFO] [stderr]     Checking rustc-demangle v0.1.16
[INFO] [stderr]     Checking dtoa v0.4.6
[INFO] [stderr]     Checking ipnet v2.3.0
[INFO] [stderr]     Checking maplit v1.0.2
[INFO] [stderr]    Compiling unicase v2.6.0
[INFO] [stderr]     Checking tracing-core v0.1.13
[INFO] [stderr]    Compiling error-chain v0.12.4
[INFO] [stderr]     Checking futures-channel v0.3.5
[INFO] [stderr]     Checking futures-task v0.3.5
[INFO] [stderr]     Checking http v0.2.1
[INFO] [stderr]     Checking foreign-types v0.3.2
[INFO] [stderr]     Checking unicode-bidi v0.3.4
[INFO] [stderr]     Checking miniz_oxide v0.4.0
[INFO] [stderr]     Checking unicode-normalization v0.1.13
[INFO] [stderr]     Checking net2 v0.2.34
[INFO] [stderr]     Checking iovec v0.1.4
[INFO] [stderr]     Checking num_cpus v1.13.0
[INFO] [stderr]     Checking socket2 v0.3.12
[INFO] [stderr]     Checking time v0.1.43
[INFO] [stderr]    Compiling hashbrown v0.8.1
[INFO] [stderr]    Compiling indexmap v1.5.0
[INFO] [stderr]    Compiling syn v1.0.38
[INFO] [stderr]     Checking tracing v0.1.18
[INFO] [stderr]     Checking want v0.3.0
[INFO] [stderr]     Checking mio v0.6.22
[INFO] [stderr]    Compiling mime_guess v2.0.3
[INFO] [stderr]     Checking idna v0.2.0
[INFO] [stderr]    Compiling openssl-sys v0.9.58
[INFO] [stderr]     Checking url v2.1.1
[INFO] [stderr]     Checking addr2line v0.13.0
[INFO] [stderr]     Checking http-body v0.3.1
[INFO] [stderr]     Checking backtrace v0.3.50
[INFO] [stderr]    Compiling pin-project-internal v0.4.23
[INFO] [stderr]    Compiling tokio-macros v0.2.5
[INFO] [stderr]    Compiling futures-macro v0.3.5
[INFO] [stderr]     Checking tokio v0.2.22
[INFO] [stderr]     Checking pin-project v0.4.23
[INFO] [stderr]     Checking futures-util v0.3.5
[INFO] [stderr]     Checking tokio-util v0.3.1
[INFO] [stderr]     Checking tokio-tls v0.3.1
[INFO] [stderr]     Checking h2 v0.2.6
[INFO] [stderr]     Checking futures-executor v0.3.5
[INFO] [stderr]     Checking futures v0.3.5
[INFO] [stderr]     Checking serde_json v1.0.57
[INFO] [stderr]     Checking serde_urlencoded v0.6.1
[INFO] [stderr]     Checking hyper v0.13.7
[INFO] [stderr]     Checking hyper-tls v0.4.3
[INFO] [stderr]     Checking reqwest v0.10.7
[INFO] [stderr]     Checking sslbypass v0.1.0 (/opt/rustwide/workdir)
[INFO] [stdout] error[E0433]: failed to resolve: could not find `um` in `winapi`
[INFO] [stdout]  --> src/injector.rs:3:13
[INFO] [stdout]   |
[INFO] [stdout] 3 | use winapi::um::processthreadsapi::*;
[INFO] [stdout]   |             ^^ could not find `um` in `winapi`
[INFO] [stdout] 
[INFO] [stdout] 
[INFO] [stdout] error[E0433]: failed to resolve: could not find `um` in `winapi`
[INFO] [stdout]  --> src/injector.rs:4:13
[INFO] [stdout]   |
[INFO] [stdout] 4 | use winapi::um::winnt::*;
[INFO] [stdout]   |             ^^ could not find `um` in `winapi`
[INFO] [stdout] 
[INFO] [stdout] 
[INFO] [stdout] error[E0433]: failed to resolve: could not find `um` in `winapi`
[INFO] [stdout]  --> src/injector.rs:5:13
[INFO] [stdout]   |
[INFO] [stdout] 5 | use winapi::um::libloaderapi::{GetProcAddress, GetModuleHandleA};
[INFO] [stdout]   |             ^^ could not find `um` in `winapi`
[INFO] [stdout] 
[INFO] [stdout] 
[INFO] [stdout] error[E0433]: failed to resolve: could not find `um` in `winapi`
[INFO] [stdout]  --> src/injector.rs:6:13
[INFO] [stdout]   |
[INFO] [stdout] 6 | use winapi::um::memoryapi::{VirtualAllocEx, WriteProcessMemory};
[INFO] [stdout]   |             ^^ could not find `um` in `winapi`
[INFO] [stdout] 
[INFO] [stdout] 
[INFO] [stdout] error[E0433]: failed to resolve: could not find `_core` in `winapi`
[INFO] [stdout]  --> src/injector.rs:7:13
[INFO] [stdout]   |
[INFO] [stdout] 7 | use winapi::_core::ptr::null_mut;
[INFO] [stdout]   |             ^^^^^ could not find `_core` in `winapi`
[INFO] [stdout] 
[INFO] [stdout] 
[INFO] [stdout] error[E0433]: failed to resolve: could not find `um` in `winapi`
[INFO] [stdout]  --> src/injector.rs:3:13
[INFO] [stdout]   |
[INFO] [stdout] 3 | use winapi::um::processthreadsapi::*;
[INFO] [stdout]   |             ^^ could not find `um` in `winapi`
[INFO] [stdout] 
[INFO] [stdout] 
[INFO] [stdout] error[E0433]: failed to resolve: could not find `um` in `winapi`
[INFO] [stdout]  --> src/injector.rs:4:13
[INFO] [stdout]   |
[INFO] [stdout] 4 | use winapi::um::winnt::*;
[INFO] [stdout]   |             ^^ could not find `um` in `winapi`
[INFO] [stdout] 
[INFO] [stdout] 
[INFO] [stdout] error[E0433]: failed to resolve: could not find `um` in `winapi`
[INFO] [stdout]  --> src/injector.rs:5:13
[INFO] [stdout]   |
[INFO] [stdout] 5 | use winapi::um::libloaderapi::{GetProcAddress, GetModuleHandleA};
[INFO] [stdout]   |             ^^ could not find `um` in `winapi`
[INFO] [stdout] 
[INFO] [stdout] 
[INFO] [stdout] error[E0433]: failed to resolve: could not find `um` in `winapi`
[INFO] [stdout]  --> src/injector.rs:6:13
[INFO] [stdout]   |
[INFO] [stdout] 6 | use winapi::um::memoryapi::{VirtualAllocEx, WriteProcessMemory};
[INFO] [stdout]   |             ^^ could not find `um` in `winapi`
[INFO] [stdout] 
[INFO] [stdout] 
[INFO] [stdout] error[E0433]: failed to resolve: could not find `_core` in `winapi`
[INFO] [stdout]  --> src/injector.rs:7:13
[INFO] [stdout]   |
[INFO] [stdout] 7 | use winapi::_core::ptr::null_mut;
[INFO] [stdout]   |             ^^^^^ could not find `_core` in `winapi`
[INFO] [stdout] 
[INFO] [stdout] 
[INFO] [stdout] error[E0425]: cannot find function, tuple struct or tuple variant `OpenProcess` in this scope
[INFO] [stdout]   --> src/injector.rs:22:22
[INFO] [stdout]    |
[INFO] [stdout] 22 |         let handle = OpenProcess(PROCESS_CREATE_THREAD | PROCESS_QUERY_INFORMATION |
[INFO] [stdout]    |                      ^^^^^^^^^^^ not found in this scope
[INFO] [stdout] 
[INFO] [stdout] 
[INFO] [stdout] error[E0425]: cannot find value `PROCESS_CREATE_THREAD` in this scope
[INFO] [stdout]   --> src/injector.rs:22:34
[INFO] [stdout]    |
[INFO] [stdout] 22 |         let handle = OpenProcess(PROCESS_CREATE_THREAD | PROCESS_QUERY_INFORMATION |
[INFO] [stdout]    |                                  ^^^^^^^^^^^^^^^^^^^^^ not found in this scope
[INFO] [stdout] 
[INFO] [stdout] 
[INFO] [stdout] error[E0425]: cannot find value `PROCESS_QUERY_INFORMATION` in this scope
[INFO] [stdout]   --> src/injector.rs:22:58
[INFO] [stdout]    |
[INFO] [stdout] 22 |         let handle = OpenProcess(PROCESS_CREATE_THREAD | PROCESS_QUERY_INFORMATION |
[INFO] [stdout]    |                                                          ^^^^^^^^^^^^^^^^^^^^^^^^^ not found in this scope
[INFO] [stdout] 
[INFO] [stdout] 
[INFO] [stdout] error[E0425]: cannot find value `PROCESS_VM_OPERATION` in this scope
[INFO] [stdout]   --> src/injector.rs:23:32
[INFO] [stdout]    |
[INFO] [stdout] 23 | ...                   PROCESS_VM_OPERATION |
[INFO] [stdout]    |                       ^^^^^^^^^^^^^^^^^^^^ not found in this scope
[INFO] [stdout] 
[INFO] [stdout] 
[INFO] [stdout] error[E0425]: cannot find value `PROCESS_VM_WRITE` in this scope
[INFO] [stdout]   --> src/injector.rs:24:13
[INFO] [stdout]    |
[INFO] [stdout] 24 |             PROCESS_VM_WRITE | PROCESS_VM_READ, i32::from(false), process.id());
[INFO] [stdout]    |             ^^^^^^^^^^^^^^^^ not found in this scope
[INFO] [stdout] 
[INFO] [stdout] 
[INFO] [stdout] error[E0425]: cannot find value `PROCESS_VM_READ` in this scope
[INFO] [stdout]   --> src/injector.rs:24:32
[INFO] [stdout]    |
[INFO] [stdout] 24 |             PROCESS_VM_WRITE | PROCESS_VM_READ, i32::from(false), process.id());
[INFO] [stdout]    |                                ^^^^^^^^^^^^^^^ not found in this scope
[INFO] [stdout] 
[INFO] [stdout] 
[INFO] [stdout] error[E0425]: cannot find function, tuple struct or tuple variant `GetProcAddress` in this scope
[INFO] [stdout]   --> src/injector.rs:25:28
[INFO] [stdout]    |
[INFO] [stdout] 25 |         let load_library = GetProcAddress(GetModuleHandleA("kernel32.dll".to_string().as_cstr().as_ptr()),
[INFO] [stdout]    |                            ^^^^^^^^^^^^^^ not found in this scope
[INFO] [stdout] 
[INFO] [stdout] 
[INFO] [stdout] error[E0425]: cannot find function, tuple struct or tuple variant `GetModuleHandleA` in this scope
[INFO] [stdout]   --> src/injector.rs:25:43
[INFO] [stdout]    |
[INFO] [stdout] 25 |         let load_library = GetProcAddress(GetModuleHandleA("kernel32.dll".to_string().as_cstr().as_ptr()),
[INFO] [stdout]    |                                           ^^^^^^^^^^^^^^^^ not found in this scope
[INFO] [stdout] 
[INFO] [stdout] 
[INFO] [stdout] error[E0425]: cannot find function, tuple struct or tuple variant `VirtualAllocEx` in this scope
[INFO] [stdout]   --> src/injector.rs:28:23
[INFO] [stdout]    |
[INFO] [stdout] 28 |         let address = VirtualAllocEx(handle, null_mut(), size, MEM_COMMIT | MEM_RESERVE,
[INFO] [stdout]    |                       ^^^^^^^^^^^^^^ not found in this scope
[INFO] [stdout] 
[INFO] [stdout] 
[INFO] [stdout] error[E0425]: cannot find function `null_mut` in this scope
[INFO] [stdout]   --> src/injector.rs:28:46
[INFO] [stdout]    |
[INFO] [stdout] 28 |         let address = VirtualAllocEx(handle, null_mut(), size, MEM_COMMIT | MEM_RESERVE,
[INFO] [stdout]    |                                              ^^^^^^^^ not found in this scope
[INFO] [stdout]    |
[INFO] [stdout] help: consider importing one of these items
[INFO] [stdout]    |
[INFO] [stdout] 1  | use core::ptr::null_mut;
[INFO] [stdout]    |
[INFO] [stdout] 1  | use crate::fnapi::multipart::stream::select_all::fmt::str::slice::ptr::null_mut;
[INFO] [stdout]    |
[INFO] [stdout] 1  | use std::ptr::null_mut;
[INFO] [stdout]    |
[INFO] [stdout] 
[INFO] [stdout] 
[INFO] [stdout] error[E0425]: cannot find value `MEM_COMMIT` in this scope
[INFO] [stdout]   --> src/injector.rs:28:64
[INFO] [stdout]    |
[INFO] [stdout] 28 |         let address = VirtualAllocEx(handle, null_mut(), size, MEM_COMMIT | MEM_RESERVE,
[INFO] [stdout]    |                                                                ^^^^^^^^^^ not found in this scope
[INFO] [stdout] 
[INFO] [stdout] 
[INFO] [stdout] error[E0425]: cannot find value `MEM_RESERVE` in this scope
[INFO] [stdout]   --> src/injector.rs:28:77
[INFO] [stdout]    |
[INFO] [stdout] 28 |         let address = VirtualAllocEx(handle, null_mut(), size, MEM_COMMIT | MEM_RESERVE,
[INFO] [stdout]    |                                                                             ^^^^^^^^^^^ not found in this scope
[INFO] [stdout] 
[INFO] [stdout] 
[INFO] [stdout] error[E0425]: cannot find value `PAGE_READWRITE` in this scope
[INFO] [stdout]   --> src/injector.rs:29:34
[INFO] [stdout]    |
[INFO] [stdout] 29 | ...                   PAGE_READWRITE);
[INFO] [stdout]    |                       ^^^^^^^^^^^^^^ not found in this scope
[INFO] [stdout] 
[INFO] [stdout] 
[INFO] [stdout] error[E0425]: cannot find function, tuple struct or tuple variant `WriteProcessMemory` in this scope
[INFO] [stdout]   --> src/injector.rs:31:9
[INFO] [stdout]    |
[INFO] [stdout] 31 |         WriteProcessMemory(handle,
[INFO] [stdout]    |         ^^^^^^^^^^^^^^^^^^ not found in this scope
[INFO] [stdout] 
[INFO] [stdout] 
[INFO] [stdout] error[E0425]: cannot find function, tuple struct or tuple variant `CreateRemoteThread` in this scope
[INFO] [stdout]   --> src/injector.rs:36:9
[INFO] [stdout]    |
[INFO] [stdout] 36 |         CreateRemoteThread(handle,
[INFO] [stdout]    |         ^^^^^^^^^^^^^^^^^^ not found in this scope
[INFO] [stdout] 
[INFO] [stdout] 
[INFO] [stdout] error[E0425]: cannot find function `null_mut` in this scope
[INFO] [stdout]   --> src/injector.rs:37:28
[INFO] [stdout]    |
[INFO] [stdout] 37 | ...                   null_mut(),
[INFO] [stdout]    |                       ^^^^^^^^ not found in this scope
[INFO] [stdout]    |
[INFO] [stdout] help: consider importing one of these items
[INFO] [stdout]    |
[INFO] [stdout] 1  | use core::ptr::null_mut;
[INFO] [stdout]    |
[INFO] [stdout] 1  | use crate::fnapi::multipart::stream::select_all::fmt::str::slice::ptr::null_mut;
[INFO] [stdout]    |
[INFO] [stdout] 1  | use std::ptr::null_mut;
[INFO] [stdout]    |
[INFO] [stdout] 
[INFO] [stdout] 
[INFO] [stdout] error[E0425]: cannot find function `null_mut` in this scope
[INFO] [stdout]   --> src/injector.rs:42:28
[INFO] [stdout]    |
[INFO] [stdout] 42 | ...                   null_mut());
[INFO] [stdout]    |                       ^^^^^^^^ not found in this scope
[INFO] [stdout]    |
[INFO] [stdout] help: consider importing one of these items
[INFO] [stdout]    |
[INFO] [stdout] 1  | use core::ptr::null_mut;
[INFO] [stdout]    |
[INFO] [stdout] 1  | use crate::fnapi::multipart::stream::select_all::fmt::str::slice::ptr::null_mut;
[INFO] [stdout]    |
[INFO] [stdout] 1  | use std::ptr::null_mut;
[INFO] [stdout]    |
[INFO] [stdout] 
[INFO] [stdout] 
[INFO] [stdout] error[E0425]: cannot find function, tuple struct or tuple variant `OpenProcess` in this scope
[INFO] [stdout]   --> src/injector.rs:22:22
[INFO] [stdout]    |
[INFO] [stdout] 22 |         let handle = OpenProcess(PROCESS_CREATE_THREAD | PROCESS_QUERY_INFORMATION |
[INFO] [stdout]    |                      ^^^^^^^^^^^ not found in this scope
[INFO] [stdout] 
[INFO] [stdout] 
[INFO] [stdout] error[E0425]: cannot find value `PROCESS_CREATE_THREAD` in this scope
[INFO] [stdout]   --> src/injector.rs:22:34
[INFO] [stdout]    |
[INFO] [stdout] 22 |         let handle = OpenProcess(PROCESS_CREATE_THREAD | PROCESS_QUERY_INFORMATION |
[INFO] [stdout]    |                                  ^^^^^^^^^^^^^^^^^^^^^ not found in this scope
[INFO] [stdout] 
[INFO] [stdout] 
[INFO] [stdout] error[E0425]: cannot find value `PROCESS_QUERY_INFORMATION` in this scope
[INFO] [stdout]   --> src/injector.rs:22:58
[INFO] [stdout]    |
[INFO] [stdout] 22 |         let handle = OpenProcess(PROCESS_CREATE_THREAD | PROCESS_QUERY_INFORMATION |
[INFO] [stdout]    |                                                          ^^^^^^^^^^^^^^^^^^^^^^^^^ not found in this scope
[INFO] [stdout] 
[INFO] [stdout] 
[INFO] [stdout] error[E0425]: cannot find value `PROCESS_VM_OPERATION` in this scope
[INFO] [stdout]   --> src/injector.rs:23:32
[INFO] [stdout]    |
[INFO] [stdout] 23 | ...                   PROCESS_VM_OPERATION |
[INFO] [stdout]    |                       ^^^^^^^^^^^^^^^^^^^^ not found in this scope
[INFO] [stdout] 
[INFO] [stdout] 
[INFO] [stdout] error[E0425]: cannot find value `PROCESS_VM_WRITE` in this scope
[INFO] [stdout]   --> src/injector.rs:24:13
[INFO] [stdout]    |
[INFO] [stdout] 24 |             PROCESS_VM_WRITE | PROCESS_VM_READ, i32::from(false), process.id());
[INFO] [stdout]    |             ^^^^^^^^^^^^^^^^ not found in this scope
[INFO] [stdout] 
[INFO] [stdout] 
[INFO] [stdout] error[E0425]: cannot find value `PROCESS_VM_READ` in this scope
[INFO] [stdout]   --> src/injector.rs:24:32
[INFO] [stdout]    |
[INFO] [stdout] 24 |             PROCESS_VM_WRITE | PROCESS_VM_READ, i32::from(false), process.id());
[INFO] [stdout]    |                                ^^^^^^^^^^^^^^^ not found in this scope
[INFO] [stdout] 
[INFO] [stdout] 
[INFO] [stdout] error[E0425]: cannot find function, tuple struct or tuple variant `GetProcAddress` in this scope
[INFO] [stdout]   --> src/injector.rs:25:28
[INFO] [stdout]    |
[INFO] [stdout] 25 |         let load_library = GetProcAddress(GetModuleHandleA("kernel32.dll".to_string().as_cstr().as_ptr()),
[INFO] [stdout]    |                            ^^^^^^^^^^^^^^ not found in this scope
[INFO] [stdout] 
[INFO] [stdout] 
[INFO] [stdout] error[E0425]: cannot find function, tuple struct or tuple variant `GetModuleHandleA` in this scope
[INFO] [stdout]   --> src/injector.rs:25:43
[INFO] [stdout]    |
[INFO] [stdout] 25 |         let load_library = GetProcAddress(GetModuleHandleA("kernel32.dll".to_string().as_cstr().as_ptr()),
[INFO] [stdout]    |                                           ^^^^^^^^^^^^^^^^ not found in this scope
[INFO] [stdout] 
[INFO] [stdout] 
[INFO] [stdout] error[E0425]: cannot find function, tuple struct or tuple variant `VirtualAllocEx` in this scope
[INFO] [stdout]   --> src/injector.rs:28:23
[INFO] [stdout]    |
[INFO] [stdout] 28 |         let address = VirtualAllocEx(handle, null_mut(), size, MEM_COMMIT | MEM_RESERVE,
[INFO] [stdout]    |                       ^^^^^^^^^^^^^^ not found in this scope
[INFO] [stdout] 
[INFO] [stdout] 
[INFO] [stdout] error[E0425]: cannot find function `null_mut` in this scope
[INFO] [stdout]   --> src/injector.rs:28:46
[INFO] [stdout]    |
[INFO] [stdout] 28 |         let address = VirtualAllocEx(handle, null_mut(), size, MEM_COMMIT | MEM_RESERVE,
[INFO] [stdout]    |                                              ^^^^^^^^ not found in this scope
[INFO] [stdout]    |
[INFO] [stdout] help: consider importing one of these items
[INFO] [stdout]    |
[INFO] [stdout] 1  | use core::ptr::null_mut;
[INFO] [stdout]    |
[INFO] [stdout] 1  | use crate::fnapi::multipart::stream::select_all::fmt::str::slice::ptr::null_mut;
[INFO] [stdout]    |
[INFO] [stdout] 1  | use std::ptr::null_mut;
[INFO] [stdout]    |
[INFO] [stdout] 
[INFO] [stdout] 
[INFO] [stdout] error[E0425]: cannot find value `MEM_COMMIT` in this scope
[INFO] [stdout]   --> src/injector.rs:28:64
[INFO] [stdout]    |
[INFO] [stdout] 28 |         let address = VirtualAllocEx(handle, null_mut(), size, MEM_COMMIT | MEM_RESERVE,
[INFO] [stdout]    |                                                                ^^^^^^^^^^ not found in this scope
[INFO] [stdout] 
[INFO] [stdout] 
[INFO] [stdout] error[E0425]: cannot find value `MEM_RESERVE` in this scope
[INFO] [stdout]   --> src/injector.rs:28:77
[INFO] [stdout]    |
[INFO] [stdout] 28 |         let address = VirtualAllocEx(handle, null_mut(), size, MEM_COMMIT | MEM_RESERVE,
[INFO] [stdout]    |                                                                             ^^^^^^^^^^^ not found in this scope
[INFO] [stdout] 
[INFO] [stdout] 
[INFO] [stdout] error[E0425]: cannot find value `PAGE_READWRITE` in this scope
[INFO] [stdout]   --> src/injector.rs:29:34
[INFO] [stdout]    |
[INFO] [stdout] 29 | ...                   PAGE_READWRITE);
[INFO] [stdout]    |                       ^^^^^^^^^^^^^^ not found in this scope
[INFO] [stdout] 
[INFO] [stdout] 
[INFO] [stdout] error[E0425]: cannot find function, tuple struct or tuple variant `WriteProcessMemory` in this scope
[INFO] [stdout]   --> src/injector.rs:31:9
[INFO] [stdout]    |
[INFO] [stdout] 31 |         WriteProcessMemory(handle,
[INFO] [stdout]    |         ^^^^^^^^^^^^^^^^^^ not found in this scope
[INFO] [stdout] 
[INFO] [stdout] 
[INFO] [stdout] error[E0425]: cannot find function, tuple struct or tuple variant `CreateRemoteThread` in this scope
[INFO] [stdout]   --> src/injector.rs:36:9
[INFO] [stdout]    |
[INFO] [stdout] 36 |         CreateRemoteThread(handle,
[INFO] [stdout]    |         ^^^^^^^^^^^^^^^^^^ not found in this scope
[INFO] [stdout] 
[INFO] [stdout] 
[INFO] [stdout] error[E0425]: cannot find function `null_mut` in this scope
[INFO] [stdout]   --> src/injector.rs:37:28
[INFO] [stdout]    |
[INFO] [stdout] 37 | ...                   null_mut(),
[INFO] [stdout]    |                       ^^^^^^^^ not found in this scope
[INFO] [stdout]    |
[INFO] [stdout] help: consider importing one of these items
[INFO] [stdout]    |
[INFO] [stdout] 1  | use core::ptr::null_mut;
[INFO] [stdout]    |
[INFO] [stdout] 1  | use crate::fnapi::multipart::stream::select_all::fmt::str::slice::ptr::null_mut;
[INFO] [stdout]    |
[INFO] [stdout] 1  | use std::ptr::null_mut;
[INFO] [stdout]    |
[INFO] [stdout] 
[INFO] [stdout] 
[INFO] [stdout] error[E0425]: cannot find function `null_mut` in this scope
[INFO] [stdout]   --> src/injector.rs:42:28
[INFO] [stdout]    |
[INFO] [stdout] 42 | ...                   null_mut());
[INFO] [stdout]    |                       ^^^^^^^^ not found in this scope
[INFO] [stdout]    |
[INFO] [stdout] help: consider importing one of these items
[INFO] [stdout]    |
[INFO] [stdout] 1  | use core::ptr::null_mut;
[INFO] [stdout]    |
[INFO] [stdout] 1  | use crate::fnapi::multipart::stream::select_all::fmt::str::slice::ptr::null_mut;
[INFO] [stdout]    |
[INFO] [stdout] 1  | use std::ptr::null_mut;
[INFO] [stdout]    |
[INFO] [stdout] 
[INFO] [stdout] 
[INFO] [stdout] error: aborting due to 22 previous errors
[INFO] [stdout] 
[INFO] [stdout] 
[INFO] [stdout] Some errors have detailed explanations: E0425, E0433.
[INFO] [stdout] 
[INFO] [stdout] For more information about an error, try `rustc --explain E0425`.
[INFO] [stdout] 
[INFO] [stderr] error: could not compile `sslbypass`.
[INFO] [stderr] 
[INFO] [stderr] To learn more, run the command again with --verbose.
[INFO] [stderr] warning: build failed, waiting for other jobs to finish...
[INFO] [stdout] error: aborting due to 22 previous errors
[INFO] [stdout] 
[INFO] [stdout] 
[INFO] [stdout] Some errors have detailed explanations: E0425, E0433.
[INFO] [stdout] 
[INFO] [stdout] For more information about an error, try `rustc --explain E0425`.
[INFO] [stdout] 
[INFO] [stderr] error: build failed
[INFO] running `Command { std: "docker" "inspect" "12f31a978cba225845402e9e4a6da511321fe3e3bcf15de9793636bbb1537ba0", kill_on_drop: false }`
[INFO] running `Command { std: "docker" "rm" "-f" "12f31a978cba225845402e9e4a6da511321fe3e3bcf15de9793636bbb1537ba0", kill_on_drop: false }`
[INFO] [stdout] 12f31a978cba225845402e9e4a6da511321fe3e3bcf15de9793636bbb1537ba0
